z(4)?
4
Suppose 4*p - 3*q = 2035 + 4016, 4*p - 5*q - 6045 = 0. What is the units digit of p?
5
Let s(c) = -503*c + 111. What is the hundreds digit of s(-9)?
6
Suppose -17*f + 16*f = -638. What is the units digit of f?
8
Let o be (-7)/((-21)/(-78))*-4. Suppose 2*j = 2*r + o, -5*j + j + 3*r = -213. What is the units digit of j?
7
Let k(d) = -d**3 + d + 1. Let z(f) = 6*f**3 - 15*f**2 - 5*f + 20. Let a(s) = -5*k(s) - z(s). What is the tens digit of a(14)?
7
Let m = -56 + 34. Let d = 26 + m. What is the units digit of d?
4
Let l(f) = -f**2 - 10*f + 12. Let w = -40 + 31. What is the tens digit of l(w)?
2
Let w(n) = -n**2 + 3*n + 9. Let s be w(4). Suppose s*b - 40 = -0*b. Let k = b + 35. What is the units digit of k?
3
Let w(m) = -211*m + 378. What is the units digit of w(-23)?
1
Let k(m) = 2*m - 11. Suppose 3*t - 6 = 9. Let j be k(t). Let z(v) = -19*v + 1. What is the tens digit of z(j)?
2
Let o be -1 + 1 + 3/(-3). Let s be (176 - -5)/(o + 0). What is the tens digit of 6/(-24) - s/4?
4
Let i be (-22)/(-6) + (-24)/(-72). Suppose -2*b - 5*o = -110, i*b - 100 - 132 = -4*o. What is the units digit of b?
0
Suppose -27*l = 5*o - 30*l - 1789, 3*o - 1083 = 5*l. What is the hundreds digit of o?
3
Suppose 6 + 6 = -6*n. Let x(i) = -2*i**3 + i**2 + 3*i + 3. Let s be x(n). Suppose -l - s = -2*l. What is the tens digit of l?
1
Suppose 3*c + m - 2489 = 2*m, -c - 6*m = -836. What is the tens digit of c?
3
Let n(x) be the second derivative of -x**5/20 - x**4/3 - 5*x**3/6 - 3*x**2 + 5*x. Let z be n(-5). Let y = 83 - z. What is the tens digit of y?
3
Suppose l - 1 = 1. Suppose 2*u = -6, o + 4*u + 16 = l*o. Suppose o*s = -0*s + 132. What is the tens digit of s?
3
Suppose 25 = -12*x - 11. What is the hundreds digit of (-60)/(-20)*((-128)/x + 0)?
1
Suppose -12*f + 13727 = -5809. What is the hundreds digit of f?
6
Let l = 18 - 20. What is the units digit of (-2 + (-18)/(-12))/(l/92)?
3
Suppose 5*j + 4*h = -h + 3475, -4*j - 2*h = -2790. Let x = -423 + j. What is the tens digit of x?
7
Let o be (-9)/(-7) - 4/14. Let k(t) = 7*t**3. Let n be k(o). Suppose -n*m = -9*m + 54. What is the tens digit of m?
2
Let r = -218 - -126. Let n = r - -23. Let f = 3 - n. What is the units digit of f?
2
What is the tens digit of (-4)/((-64)/12)*7960?
7
What is the units digit of 30/(-45)*14*591/(-2)?
8
Let j(f) = -f**3 - 3*f**2 - 7*f - 14. Let d be j(-5). Suppose d = 8*a - 353. What is the tens digit of a?
5
Let y(p) be the third derivative of -p**4/4 + 25*p**3/6 - 33*p**2. What is the tens digit of y(-6)?
6
Let h(b) = b**3 - 24*b**2 + 32*b - 4. What is the hundreds digit of h(23)?
2
Suppose 0 = 7*r - 2*r - 25. Suppose -2*q + r*s = -6, 0 = -q - 2*s + 4 - 1. Suppose 0 = -0*v + v - 2*c - 19, -c = -q*v + 62. What is the tens digit of v?
2
What is the tens digit of (-57 - -60)/((-1)/(-407))?
2
What is the hundreds digit of 28656/14 - (-66)/462?
0
Let n(z) = 7*z**2 - 41*z - 25. Let x(q) = -6*q**2 + 42*q + 25. Let t(h) = -4*n(h) - 5*x(h). What is the units digit of t(27)?
1
Suppose -4*f + 2 = 6. What is the units digit of -18 + 17 + (-26)/f?
5
Let n = -298 + 2850. What is the thousands digit of n?
2
Let q = 447 - 54. What is the tens digit of q?
9
Let m(w) = -3*w**2 - 25*w - 8. Let l be m(-8). Suppose -5*n - 2*n + 686 = l. What is the tens digit of n?
9
Let x be (-5 - 68/(-8))*12 - 4. Let h = -44 - -63. Let q = x - h. What is the units digit of q?
9
Suppose 33*x - 32828 - 62476 = 0. What is the hundreds digit of x?
8
Let b(y) = 13*y - 7. Let g(z) = z**3 + 5*z**2 + 2*z + 15. Let u be g(-5). What is the units digit of b(u)?
8
Let a(v) = -v**2 - v - 14. Let o be a(-12). Let c = -94 - o. What is the units digit of c?
2
Let t = 133 + -221. What is the tens digit of 7/(-14)*t/1?
4
Let z(t) = t + 20. Let c be z(-15). Suppose i - 60 = 5*p, -2*i + 44 = -c*p - 56. What is the tens digit of i?
4
Let u(h) = h**2 - h - 1. Let s = -4 + 2. What is the units digit of u(s)?
5
Let q = -1998 + 2480. What is the units digit of q?
2
Suppose 2*l = -0*p - p + 1077, 5*l + p - 2685 = 0. What is the hundreds digit of l?
5
Let a = 22 - 7. What is the tens digit of a?
1
Let f = -385 - -592. Suppose -3*q = 2*p - f, q - 30 = 2*p + 39. Suppose -q = -3*a + 2*c + 4, c = 4*a - 89. What is the units digit of a?
1
Let j = 53 + -74. Let y = j + 13. What is the units digit of ((-2)/4)/(y/256)?
6
Let m(q) = -3*q**3 + 4*q**2 - 2*q - 4. What is the hundreds digit of m(-3)?
1
Let y(z) = -208*z - 143. What is the tens digit of y(-4)?
8
Let r(w) = w**2 - 21*w - 12. Let u be r(12). Let t be u/(-9)*6/(-5). What is the units digit of (-2)/(-8) + (-316)/t?
0
Let o(q) = 0 + 383*q**2 + 8 - 382*q**2 + 14*q. Let y be ((-14)/(-4))/(2/(-8)). What is the units digit of o(y)?
8
Let b(q) = 142*q**2 - 19*q + 17. What is the units digit of b(3)?
8
Let g(i) = -i**3 + 7*i**2 + 6*i + 17. What is the units digit of g(8)?
1
Let l(t) = 2*t**2 - 4. Suppose -w + 5*y + 4 = 3*y, 20 = 5*w + y. Suppose -2*r + w = -2*g, 0 = 3*r - 4*g - 6 + 2. What is the tens digit of l(r)?
2
Suppose -5*b = 4*q + 452 - 22014, 0 = 4*q + 8. What is the hundreds digit of b?
3
Suppose 0 = 42*r - 43*r + 480. What is the tens digit of r?
8
Let t be 1 - (-18 + 2/1). Suppose -3*z - t = -g, -2*g - 4*z - 6 = -0*g. What is the units digit of (-2 + g)/((-21)/(-98))?
4
Let b = 3080 + -1525. What is the units digit of b?
5
Suppose 3*q - 12*q + 8388 = 0. What is the tens digit of q?
3
Suppose 5076 = -7*b + 11*b. What is the hundreds digit of b?
2
Let r = -13 + 15. Suppose 5*z - 4*t = 1, 4*z + t = r*t - 8. Let a = 6 + z. What is the units digit of a?
3
Suppose 4*i = 5*n - 2341, -n + 2*i + 588 = 115. What is the units digit of n?
5
Suppose -3*a - 45 = -8*a - 4*n, 3*n - 24 = -3*a. What is the units digit of a/((-1)/(-22)*(7 - 5))?
3
Suppose -19418 = 61*g - 75*g. What is the hundreds digit of g?
3
Let p = -131 - -136. What is the units digit of (p - -1)/(32/1024)?
2
Suppose -b - 2*b = 93. Let u = -28 - b. What is the units digit of u?
3
Let n(z) be the third derivative of z**4/24 - z**3 + 9*z**2. Let m be n(6). Suppose -j - 5*j + 138 = m. What is the tens digit of j?
2
Let i = 913 + -400. Let v = 909 - i. Suppose 156 = -6*a + v. What is the units digit of a?
0
Let n(a) = 2*a**2 - 31*a - 207. What is the tens digit of n(-13)?
3
Suppose 2*n + 262 = -5*q + 733, 2*q = 5*n - 1134. What is the units digit of n?
8
Let o(u) = -u**3 + 7*u**2 + 4*u + 11. Let b be o(8). What is the units digit of 5 + (b/(-6)*2 - 3)?
9
Suppose 3*p = -3*g + 3, -p = g + 2*g + 7. Suppose -p*r - 11 = -361. What is the tens digit of r?
7
Let r(m) = 2*m + 192. What is the units digit of r(-4)?
4
Suppose 51*s - 47*s + 4*l = 15620, 2*s - 7775 = 5*l. What is the tens digit of s?
0
Suppose 3*b + 5*m - 3731 = 0, 3735 = 22*b - 19*b + 3*m. What is the hundreds digit of b?
2
Suppose -7*g + 8187 = 452. What is the hundreds digit of g?
1
Suppose 11 = -6*d + 23. Suppose -n + 97 = 4*g, -254 = -d*n + 6*g - 2*g. What is the hundreds digit of n?
1
Let o(u) = u + 458. What is the hundreds digit of o(-39)?
4
Let t(b) = 10*b - 4. Let y be t(-3). Let w = 73 + y. What is the units digit of w?
9
Let f(a) = -15*a**2 + 8 + 13*a + 7 - a**3 - 7 + 5. What is the units digit of f(-16)?
1
Let i(o) = 5*o - 3. Let n be i(2). Suppose -n*g = -4*g. Suppose -2*p + 67 = 3*v, g = -0*p + 3*p - 4*v - 143. What is the tens digit of p?
4
Let l(j) = -j**3 + 2*j - 1. Let f be -1 - (-1)/(4 + -5). Let k be l(f). What is the tens digit of (2/k)/(8/516)?
4
What is the tens digit of (15 + -105)/((-3)/4)?
2
Let j be -96 - (-3)/(-5 - -2). Let z = j - -133. What is the tens digit of z?
3
Let x(l) = -11*l**3 - 5*l**2 + 10*l + 41. What is the tens digit of x(-3)?
6
Let n = 20 + -23. Let k(b) be the first derivative of 2*b**3 - 5*b**2/2 - 4*b + 17. What is the tens digit of k(n)?
6
Suppose -5*u - 4*w + 134 = 0, 0 = -5*u + 4*w + 127 + 39. Suppose l - p - 24 = 0, -u = -2*l - 0*p - 4*p. What is the tens digit of l?
2
Let z(d) be the first derivative of 7*d**2/2 + 20*d + 13. What is the units digit of z(6)?
2
Suppose 5*d + 12 = -p, 0 = -2*p - 0 + 6. Let c be (1/d)/((-5)/60). What is the tens digit of c/(-6)*(-207)/3?
4
Let f be (-36)/(-8)*(-8)/(-18). What is the hundreds digit of (7 - -119)*(f - 1)?
1
Let y = 5377 + -1883. What is the units digit of y?
4
Let b(q) = q**3 + 15*q**2 - 17*q - 